 129 = 23*y. Calculate the greatest common divisor of z and y.
4
Let u = 109 - 46. Suppose 3*v + 5*w = v + 73, -3*v + 152 = -w. Let h be (-2)/(14/v)*-1. What is the highest common divisor of u and h?
7
Suppose v - 48 = -v. Suppose -3*c + 266 = 26*a - v*a, 2*c - 524 = -4*a. What is the highest common divisor of 10 and a?
10
Suppose -400 = -6*c + 2*c. Let b be (-359)/(-7) + (-54)/42. Calculate the highest common factor of b and c.
50
Let g = -14 + -272. Let f = 951 + g. What is the greatest common factor of f and 35?
35
Suppose -4*v - 47 = 37. Let s = 48 + v. Let g be 129/27 - (-6)/s. What is the greatest common factor of g and 10?
5
Let w be (-4)/(-18) + (7 - (-8048)/72). Let s = w - 107. Let h be (12/16)/((-1)/(-16)). Calculate the highest common factor of h and s.
12
Suppose -2*k = -4*k + 5*o + 31, -k = -3*o - 18. Suppose -k*q + 5*w = -814, 0 = -q - 5*w + 154 + 124. What is the greatest common divisor of q and 182?
91
Let z(f) = -f**3 - 18*f**2 + 54*f - 736. Let c be z(-22). What is the highest common divisor of 159 and c?
3
Suppose 4*y = 4*j, 5 = -3*j + 20. Suppose y*g + 168 = 3*w + 2*g, 260 = 5*w + 5*g. What is the highest common factor of 12 and w?
6
Let g(s) = 27*s**2 - 153*s - 628. Let f be g(-4). What is the greatest common divisor of 104 and f?
104
Let t(m) = -m**3 + 23*m**2 + 26*m - 48. Let r be t(24). Suppose -4*a + 20 = r, -7*x + 3*x - 2*a = -106. What is the highest common divisor of x and 24?
24
Let g be ((-4)/(-24)*10)/(2/6). Let i be 3/g*(9 + 1). Suppose -s - i*n - 5 = -3*n, -5*n = -4*s + 48. What is the highest common divisor of 7 and s?
7
Suppose 27*j + 11*j - 1369 = -457. Calculate the greatest common divisor of 222 and j.
6
Suppose 4*m + 17*w = 21*w + 288, -2*m = w - 159. Suppose -5*n = -23 - 32. What is the highest common divisor of m and n?
11
Suppose 5*g - 307 = 3*t, 4*g - g - 4*t = 182. Let k = 33 - g. Let q be k/(-3) - 4/(-12). What is the highest common factor of q and 2?
2
Suppose -2*y = 4*l - 68, -366 = -7*y - 15*l + 17*l. Let d = 30 - 52. Let b = d + 42. What is the highest common divisor of b and y?
10
Let z be (-3949)/(11 + -13 + 1). What is the highest common factor of 33 and z?
11
Let h be (-21)/((-840)/16)*5/1. Suppose 4*s = 3*x - 524, -3*s = -h*x + x + 173. Calculate the greatest common divisor of x and 16.
16
Let p = 5063 - 4322. What is the greatest common factor of 2418 and p?
39
Let x(j) = -j**3 + 10*j**2 + j + 6. Let i be x(10). Suppose b = i - 1. Suppose -p = 5 - b. What is the highest common factor of 5 and p?
5
Let k be (11 + (-305)/35)/(2/91). Calculate the highest common factor of 1534 and k.
26
Let g = -4177 - -4521. What is the greatest common factor of g and 3526?
86
Let m = -18 + 7. Let d = m - -32. Suppose 12 = d*n - 20*n. What is the highest common divisor of 84 and n?
12
Suppose 0 = -15*g + 2066 - 1316. Calculate the greatest common divisor of g and 850.
50
Suppose 0 = -4*m + 2*m + 104. Suppose 20*i + 8*i - 13728 = -5*i. What is the greatest common factor of m and i?
52
Let m(f) = -f**3 - 14*f**2 - 50*f + 137. Let o be m(-8). What is the greatest common divisor of o and 14841?
153
Suppose 0 = 1151*y - 451*y - 5600. Suppose -3*o + 1240 = 2*o. Calculate the greatest common divisor of o and y.
8
Let d be (250440/32)/5 - (-21)/28. Calculate the greatest common divisor of d and 216.
54
Let q(b) = 363*b**2 - 7*b + 5. Let j be q(1). Calculate the highest common divisor of j and 2147.
19
Let b be 2/10 - 21490/(-50). Let s be (-9)/(-1) + 18 + -17. Calculate the highest common factor of s and b.
10
Suppose 1019*w - 971*w = 3456. What is the highest common factor of 5202 and w?
18
Let k(x) = -5*x**2 + 101*x - 116. Let z be k(17). Calculate the highest common factor of z and 492.
12
Let a(d) = d**3 - 11*d**2 + 14*d - 25. Suppose -6*n - 110 = -8*n. Let u = 65 - n. Let z be a(u). Calculate the greatest common divisor of z and 3.
3
Let w = 17 - 168. Let b = w - -394. What is the greatest common divisor of 9 and b?
9
Let w(v) = -7*v**3 - v**2 + 1. Let a be w(1). Let s = a - -9. Suppose 3*x = 2*b - 47, -41 - 5 = -s*b + 4*x. What is the highest common factor of b and 5?
5
Let a = -12649 - -18108. What is the highest common divisor of a and 53?
53
Suppose 3*r + 4*y = -624, 2*r - 3*y + 857 = -2*r. Let o = 276 + r. What is the highest common divisor of 80 and o?
16
Suppose 21 - 789 = 6*u. Let d be (-4)/(-6) - (u/24 + -14). Calculate the greatest common factor of 40 and d.
20
Suppose 0 = -2*x + 22225 - 22027. What is the greatest common factor of 825 and x?
33
Suppose -52*o + 1507 = -41*o. Let w = o + -120. Calculate the greatest common divisor of w and 136.
17
Let b be -1 - -7 - 4/14*7. Suppose -b = -g + 6. Let s be 2/(-5) - (2 + (-334)/g). What is the greatest common divisor of s and 124?
31
Suppose 25259 + 7591 = 174*n + 2400. What is the greatest common divisor of n and 3?
1
Suppose -1244*m = -1191*m - 106. Let j(z) = z**2 + 22. Let q be j(0). What is the highest common divisor of m and q?
2
Let n be 54/30 + 303525/125. Calculate the highest common factor of n and 150.
30
Let f be ((-1768)/11492)/((-2)/3432). Let t(r) = r**3 - 3*r**2 + 4*r + 2. Let u be t(5). Calculate the greatest common factor of u and f.
24
Let t(b) be the third derivative of b**5/60 + b**4 + 65*b**3/6 - 66*b**2. Let c be t(-28). What is the greatest common factor of 118 and c?
59
Let s be ((-465)/30)/(2 + (-29)/14). Let o be (93/30*8)/((-6)/(-15)). Calculate the highest common factor of s and o.
31
Let w be (-71 - -15)*14/(-2). Calculate the highest common divisor of w and 245.
49
Let u = -10401 - -10407. Calculate the highest common divisor of u and 144.
6
Suppose 0*c = 3*c - 5*i - 32, 4*c = -5*i - 4. Suppose c*l = -0*l + 4*m + 1188, -3*l + 915 = 3*m. Calculate the highest common factor of l and 43.
43
Let g be 22/(3/36*6). Suppose 4*o - g + 12 = 0. Calculate the highest common factor of o and 28.
4
Suppose 5*l = -5*c + 85, 0 = -c - 0*c - 5*l + 21. Let j(u) = 119*u + 484. Let h be j(-4). Calculate the greatest common factor of c and h.
8
Suppose -t - 4 = -g, 75*g - 80*g + 48 = -t. What is the highest common divisor of g and 7711?
11
Suppose l = -z + 15, -2*z + 9 + 36 = -l. Let w be 185/z*1 - (-2)/(-8). Suppose 2*y + w*y - 154 = 0. Calculate the greatest common factor of 70 and y.
14
Let t = -472 - -89. Let b = 651 + t. Suppose 6*q - q = -4*m + b, 5*q + m - 277 = 0. What is the greatest common divisor of 8 and q?
8
Let d be 85 - -1 - (-14)/(-1). Calculate the highest common divisor of 8172 and d.
36
Let x be (-1)/(-2) - (-6 + 15/6). Suppose -x*d - 3*s = -5*d + 489, s = -4*d + 1943. Calculate the highest common factor of d and 54.
54
Let z be (-2 + (-190)/(-35))/((-1)/(-77)). Calculate the highest common divisor of 220 and z.
44
Let a = 1360 + -828. Let p be (60/(-42))/((-8)/a). Calculate the highest common divisor of p and 152.
19
Let d(s) = -818*s + 68. Let h be d(-2). What is the greatest common divisor of h and 72?
24
Let j = 302 - 299. Let y be 6 + -3 + j + 42. Calculate the greatest common factor of 12 and y.
12
Let o = 2179 + -1507. Calculate the greatest common factor of 273 and o.
21
Let f = 3478 - 3148. Calculate the highest common factor of 891 and f.
33
Let x(d) = d**3 + 46*d**2 + 163*d - 84. Let i be x(-38). Calculate the greatest common divisor of 18 and i.
18
Let n be (2/8)/((-3)/(-72)*6). Let s be 4 - (-8 + 0 + n). What is the greatest common factor of s and 1?
1
Let k be 8/28 + (288/(-28) - 0). Let a be ((-144)/k)/(30/150). Let s(y) = -4*y - 4. Let x be s(-3). Calculate the greatest common divisor of x and a.
8
Let j be (((-350)/10)/7)/((-1)/(-2)). Let p be j/(-2)*(-3570)/(-75). Calculate the greatest common factor of p and 14.
14
Let f be (-5)/((-32)/56 + 19/(-28)). Suppose f*r - 526 = -2*m, -r - 816 - 510 = -5*m. What is the highest common factor of m and 159?
53
Let y = -21 - -22. Let p be y + 16 + -1 - 308/77. Let s be (-5 + 2 - (-8)/p)*-15. Calculate the greatest common divisor of s and 10.
5
Let o be (208/(-65))/((-4)/(-440)). Let c = -196 - o. What is the highest common factor of 48 and c?
12
Suppose 3716*x - 3719*x - 288 = -2*y, 4*x + 134 = y. Calculate the greatest common divisor of 5475 and y.
75
Let a = -24354 + 26334. What is the highest common factor of a and 2520?
180
Let t be (15/5)/(1/22*2). Let p = t - 